 (base 15) to base 7.
642
-5f6 (base 16) to base 5
-22101
2 (base 10) to base 14
2
Convert 32040 (base 6) to base 3.
12221220
Convert -1581 (base 9) to base 4.
-102313
Convert -103a (base 11) to base 12.
-966
155e8 (base 15) to base 12
33a0b
What is 15435 (base 9) in base 3?
112111012
What is 6274 (base 14) in base 10?
16958
39c (base 13) to base 16
27c
What is 10630 (base 9) in base 10?
7074
Convert 101301 (base 4) to base 6.
5133
1d7 (base 14) to base 10
385
What is 223 (base 15) in base 8?
743
What is -2875 (base 12) in base 15?
-15d2
What is -201110 (base 5) in base 9?
-8706
Convert -3002344 (base 5) to base 8.
-134170
Convert -10333 (base 4) to base 12.
-227
Convert 7304 (base 11) to base 6.
112500
-1092 (base 10) to base 5
-13332
280 (base 9) to base 15
109
Convert 12223 (base 4) to base 3.
120211
Convert -1232102 (base 5) to base 14.
-8a83
What is 112000221 (base 3) in base 16?
27f7
-1044431 (base 5) to base 12
-aa19
7939 (base 11) to base 13
49a9
Convert -4505 (base 8) to base 15.
-a83
-1000010100101 (base 2) to base 16
-10a5
What is 7776 (base 10) in base 6?
100000
Convert 20431 (base 6) to base 14.
100b
Convert -20a (base 13) to base 10.
-348
What is 5421 (base 6) in base 2?
10011010101
What is 2ed (base 15) in base 8?
1241
1101101010101000 (base 2) to base 15
118bb
What is 16771 (base 9) in base 15?
3661
-793 (base 15) to base 11
-1318
1110010010010 (base 2) to base 16
1c92
What is 1111101100111 (base 2) in base 15?
25ae
Convert -1000001001 (base 2) to base 3.
-201022
Convert -8508 (base 10) to base 4.
-2010330
What is -131202 (base 4) in base 7?
-5340
Convert -486 (base 11) to base 7.
-1454
What is -3898 (base 13) in base 3?
-102001211
Convert 5022 (base 8) to base 15.
b6d
1001010010 (base 2) to base 10
594
-8197 (base 13) to base 11
-12475
-31524 (base 8) to base 12
-7730
Convert 1121200020 (base 3) to base 6.
403223
11051 (base 7) to base 10
2780
1253 (base 6) to base 7
636
Convert -4451 (base 7) to base 6.
-11232
-1030333 (base 5) to base 3
-220010121
-103 (base 4) to base 13
-16
What is -58430 (base 9) in base 15?
-b843
What is 1310 (base 10) in base 15?
5c5
What is -154201 (base 7) in base 13?
-10a26
Convert 200112221 (base 3) to base 11.
a186
-692 (base 10) to base 13
-413
What is 175a (base 16) in base 4?
1131122
Convert 2419 (base 14) to base 3.
22122011
Convert -1001001 (base 2) to base 7.
-133
Convert 299 (base 12) to base 8.
625
Convert 20220 (base 4) to base 3.
202110
What is 677 (base 9) in base 16?
22c
1384a (base 11) to base 6
231000
What is 12053 (base 6) in base 12?
1029
-11100101011100 (base 2) to base 13
-68b7
Convert -77c8 (base 13) to base 16.
-4156
What is d (base 16) in base 3?
111
Convert -12222 (base 4) to base 8.
-652
What is 210122 (base 3) in base 12?
408
Convert -10382 (base 9) to base 11.
-5193
5420 (base 7) to base 14
9b7
Convert 41 (base 12) to base 13.
3a
Convert -4 (base 13) to base 16.
-4
Convert -50b5 (base 14) to base 15.
-41a4
What is 33200 (base 12) in base 10?
67680
Convert 4c (base 15) to base 14.
52
Convert 44145 (base 8) to base 2.
100100001100101
What is 21231 (base 4) in base 3?
212000
What is -251 (base 12) in base 8?
-535
What is 15101 (base 6) in base 4?
211231
-34502 (base 11) to base 2
-1100001010111110
Convert -299 (base 10) to base 3.
-102002
What is 13121 (base 4) in base 5?
3343
What is 2253 (base 10) in base 16?
8cd
7d5 (base 15) to base 13
a67
-5001 (base 6) to base 13
-652
Convert 5074 (base 9) to base 6.
25104
-69b (base 16) to base 5
-23231
57408 (base 9) to base 11
26804
Convert 2459 (base 11) to base 3.
11101220
What is -111111010 (base 2) in base 11?
-420
Convert 1100100011 (base 2) to base 6.
3415
-20323 (base 5) to base 4
-110322
What is -7702 (base 12) in base 4?
-3030302
-225040 (base 6) to base 15
-5a83
Convert 20222 (base 7) to base 10.
4916
1211210 (base 4) to base 2
1100101100100
Convert 12270 (base 11) to base 16.
44d6
-1ab (base 13) to base 4
-10312
What is -edd (base 16) in base 4?
-323131
-36a (base 12) to base 10
-514
Convert -1020122000 (base 3) to base 5.
-1241031
Convert -245 (base 13) to base 5.
-3040
Convert 15b (base 12) to base 14.
115
-4e6 (base 15) to base 8
-2134
What is 33244 (base 7) in base 12?
4a0a
-797 (base 10) to base 9
-1075
Convert -289 (base 11) to base 12.
-243
1ba (base 16) to base 13
280
Convert 102266 (base 8) to base 14.
c54a
What is 101010111111010 (base 2) in base 12?
108a2
-106 (base 7) to base 3
-2001
What is 1201001 (base 3) in base 9?
1631
Convert -25564 (base 7) to base 9.
-10304
Convert -13587 (base 9) to base 12.
-5414
-fc (base 16) to base 4
-3330
What is 2200 (base 6) in base 7?
1320
What is 11223 (base 8) in base 12?
2903
922 (base 11) to base 14
597
-1294 (base 13) to base 5
-41111
Convert -4040 (base 9) to base 2.
-101110001000
11600 (base 10) to base 12
6868
8bd0 (base 15) to base 3
1111200220
-3021442 (base 5) to base 2
-1011110011110100
Convert 122221 (base 3) to base 6.
2124
278 (base 12) to base 10
380
What is 1324 (base 7) in base 16?
1fc
Convert -2d66 (base 16) to base 7.
-45612
1214 (base 15) to base 10
3844
-1081 (base 14) to base 4
-230221
What is -988 (base 15) in base 3?
-2221202
What is -200003 (base 4) in base 11?
-15a5
What is 477 (base 12) in base 7?
1642
Convert -4285 (base 11) to base 13.
-2764
332333 (base 5) to base 8
26511
What is -310124 (base 5) in base 11?
-75a7
Convert -10110111011 (base 2) to base 4.
-112323
Convert -13411 (base 6) to base 4.
-200233
Convert -2551 (base 7) to base 2.
-1111000111
What is -3257 (base 9) in base 15?
-aa1
What is 47233 (base 8) in base 12?
b78b
12021102 (base 3) to base 8
7405
Convert 10011001011100 (base 2) to base 5.
303240
33632 (base 10) to base 4
20031200
Convert -100100100 (base 2) to base 16.
-124
What is -132011 (base 5) in base 7?
-21216
What is -7147 (base 8) in base 2?
-111001100111
Convert -54203 (base 9) to base 12.
-18926
Convert -1050 (base 7) to base 8.
-572
What is 25a (base 16) in base 13?
374
Convert -1015 (base 15) to base 7.
-12620
Convert -30aa (base 13) to base 4.
-1221023
What is -5104 (base 9) in base 3?
-12010011
3df (base 16) to base 3
1100201
What is 20565 (base 9) in base 15?
405b
Convert -34351 (base 7) to base 15.
-28dd
What is -72162 (base 10) in base 5?
-4302122
799 (base 13) to base 12
911
6c (base 14) to base 9
116
Convert -990 (base 11) to base 2.
-10010100100
What is -42231 (base 5) in base 10?
-2816
What is 5bbb (base 13) in base 3?
122211102
What is 100110100 (base 2) in base 8?
464
Convert -10001000111001 (base 2) to base 8.
-21071
What is -115 (base 6) in base 5?
-142
Convert 100253 (base 9) to base 8.
163573
-7270 (base 9) to base 7
-21351
Convert 101011010001011 (base 2) to base 8.
53213
123 (base 12) to base 3
20100
a31 (base 14) to base 13
bb1
What is -1181 (base 9) in base 10?
-883
What is -40573 (base 10) in base 8?
-117175
Convert 664 (base 13) to base 15.
4d1
-2023 (base 10) to base 13
-bc8
What is 21304 (base 6) in base 8?
5550
19ba (base 16) to base 11
4a48
1212321 (base 4) to base 10
6585
What is 201122 (base 3) in base 9?
648
Convert -6419 (base 15) to base 13.
-983a
What is -111101011111 (base 2) in base 12?
-233b
Convert 1210000 (base 3) to base 7.
3531
Convert -20565 (base 9) to base 5.
-413321
Convert -12743 (base 11) to base 7.
-104024
-1100323 (base 4) to base 7
-21046
Convert 1c22 (base 13) to base 5.
114003
2210031 (base 4) to base 11
7994
Convert 214 (base 7) to base 16.
6d
Convert -1292 (base 13) to base 7.
-10511
-110010010011 (base 2) to base 6
-22523
2061 (base 10) to base 12
1239
What is -121121 (base 4) in base 15?
-735
2235 (base 6) to base 9
645
Convert 22340 (base 7) to base 2.
1011000011111
What is 13103 (base 7) in base 14?
13aa
What is -254352 (base 7) in base 12?
-23373
What is -1541 (base 13) in base 11?
-2364
What is 1114 (base 6) in base 16?
106
What is 31263 (base 8) in base 16?
32b3
What is 922 (base 14) in base 8?
3402
What is 4608 (base 13) in base 8?
23122
Convert -3033 (base 7) to base 10.
-1053
What is -210113 (base 4) in base 12?
-141b
What is 2da5 (base 14) in base 5?
230211
Convert 4002 (base 5) to base 9.
617
What is 1209 (base 11) in base 9?
2147
3440 (base 9) to base 6
15443
What is -475 (base 13) in base 11?
-642
Convert 520042 (base 6) to base 12.
20022
Convert 2a219 (